 x(c) = -c**2 - 2*c - 4. Suppose 4*l - u - 1 = 14, 5*l + u = 30. Let b(z) = l*x(z) + 6*k(z). Give b(2).
6
Let d(x) = -x**3 - x**2 + 4*x + 3. Let n be d(-2). Let p(q) = -4 + 2*q**3 - q + 4 - 1. Determine p(n).
-2
Let c(o) = 2*o**3 + 6*o**2 + o - 10 - o**3 + 9. Give c(-6).
-7
Let b(x) be the first derivative of -x**4/4 + x**3/3 + 8*x - 1. What is b(0)?
8
Let q(v) = 2*v + 3. Let x be q(-4). Let h = x + 7. Let y(i) = 4*i + i**2 + i - 2 + 0*i**h - 2*i**2. Give y(2).
4
Let y = 6 - 3. Suppose 0 = y*v - 2 - 4. Let k(l) = -l**2 + 2*l**v - 2 + 2*l**2 + l. Determine k(-2).
8
Let y be (-6)/27 - (-22)/18. Let d = -3 + 0. Let u = y + d. Let c(m) = 2*m + 1. What is c(u)?
-3
Let s(m) = m**3 + 11 - 13 - 2*m**3 - 3*m - 2*m**2. Give s(-2).
4
Let l = -97 - -100. Let k(f) be the second derivative of -1/20*f**5 + 0 - f**2 + 1/6*f**l - 1/6*f**4 - f. Calculate k(-3).
4
Let v(x) be the second derivative of x**4/12 + x**3/6 - x**2/2 - 13*x - 4. Calculate v(1).
1
Let l(d) be the first derivative of d**3/3 - 3*d**2 + 2*d - 30. Suppose -5*b + 3*b = -14. Suppose 0 = -b*c + 2*c + 15. Give l(c).
-7
Let p = 6 + -4. Suppose -3*g - 3*h = -30, g - 6*g - 4*h = -47. Let a(q) = 6*q - g*q - q**2 - q**p. What is a(-1)?
-1
Let x be 8 + (-6 + 2)*1. Let h(k) = -k**3 + 4*k**2 + 3. Determine h(x).
3
Let o be ((-2)/(-6))/((-5)/(-30)). Let i(b) = 2*b**2 + b + o*b - 4*b. Give i(2).
6
Let i = 1 + -2. Let b(h) = 2*h**2 + h + 1. Let x(d) = -3*d**2 - d - 1. Let j(l) = 4*b(l) + 3*x(l). What is j(i)?
-1
Let z(w) = w**3 - 7*w**2 + 6*w - 6. Let h be 96/36 - (-4)/(-6). Suppose 4 = n - h. Determine z(n).
-6
Let t(k) = k**2 + 3*k - 2. Suppose 5 = -2*q + q. Calculate t(q).
8
Let h be 6/(-15) - 4/(-10). Let t(v) = v**3 - v**2 - v + 5. Let p be t(h). Let b(x) = x**3 - 4*x**2 - 2*x - 6. Calculate b(p).
9
Suppose -2*v = 2*v + 16. Suppose -4*a + 7 = -17. Let m(w) = -5 + a + w**2 + 4*w + 1. Give m(v).
2
Let v(o) = 7*o - 2 - 3*o - 3*o. Determine v(-2).
-4
Suppose -7*p + 2*p = 30. Let l(t) = t**3 + 5*t**2 - 5*t + 3. Determine l(p).
-3
Let w(x) = -2*x - 6. Let p(n) = -n**3 + 7*n**2 + 7*n + 16. Let o be p(8). Determine w(o).
-22
Let p(o) be the third derivative of o**4/24 - 2*o**2. Let i = 38 + -32. What is p(i)?
6
Let b(z) = 3*z**2 + z**2 + 6 - 8*z - 3*z**2. Let t = -5 - -10. Give b(t).
-9
Let l(o) = -17*o + 1 + 21*o - 10*o. Give l(-1).
7
Suppose -18 = 3*y - 6*y. Let t(f) = 5*f - 13. Let c(z) = z - 1. Let a(k) = 4*c(k) - t(k). Give a(y).
3
Let w(p) = -2 + p - 4 + 4. Give w(5).
3
Suppose -q = 4*r - 2*r - 6, 0 = q - r + 9. Let g(u) = 3*u + 2. Let p(v) = -6*v - 4. Let s(d) = 9*g(d) + 4*p(d). Give s(q).
-10
Let y(f) = 6*f + 3. Let c = 29 - 31. What is y(c)?
-9
Let k(h) = -2*h - 2. Let q = 3 - 3. Let n = q - -2. Suppose -n = g + 2*a + 2, 7 = -3*g - a. What is k(g)?
2
Let b(k) be the first derivative of k**6/360 + k**5/120 + k**4/8 - k**3/3 - 3. Let t(p) be the third derivative of b(p). Give t(-3).
9
Let k(t) = -1 + t + 4 - 6. Give k(-6).
-9
Let l = 2 - -1. Let u be l + (0 - 1 - 0). Let w(m) be the second derivative of m**3/2 - m**2 - 2*m. Determine w(u).
4
Let n(r) be the second derivative of r**3/3 - r**2 + 6*r. Suppose 0*l + 4*l = 20. Give n(l).
8
Let s(k) = -k**3 - k**2 + 3*k + 4. Let a be s(-2). Let l(m) = a + 4*m - 5*m**2 + 11*m**2 - 7*m**2. Suppose j + 3 - 1 = -2*x, -4*j + 4*x + 28 = 0. Give l(j).
2
Let w(f) = -2*f - 1. Let l = -9 - -9. Suppose 8 + l = 4*n. Suppose n*a = -6 - 0. Calculate w(a).
5
Let h(u) = u - 3. Let o(v) = 2*v - 3. Suppose 0*l = -4*l. Let j = l + 2. Let m(y) = j*o(y) - 3*h(y). Determine m(0).
3
Let v be (-11)/(-2) - (-2)/(-4). Suppose -4*r - w - 4*w = 27, 2*r - 5*w = 9. Let t = v + r. Let m(y) = -3*y**2 + 3*y. Determine m(t).
-6
Let a(x) = x**2 - 5*x - 5. Suppose -9*f + 6*f = -15. Calculate a(f).
-5
Let z(l) be the second derivative of l**5/20 - 7*l**4/12 - l**3 - 4*l**2 + 19*l. What is z(8)?
8
Let q = 20 + -18. Let s(m) be the third derivative of m**5/60 - m**4/12 - m**3/6 + 3*m**2. Calculate s(q).
-1
Let t = -200 + 110. Let d be t/(-27) + 1/(-3). Let n(w) = 2*w**2 - 3*w - 4. Calculate n(d).
5
Let x(u) be the second derivative of 3*u**5/4 - u**4/12 + u. What is x(-1)?
-16
Suppose 25 = 3*p + 2*p. Suppose 0*f + 3*f + 5*v - 5 = 0, p*f + 2 = 2*v. Let u(g) = g**2 + g + 8. Give u(f).
8
Suppose -4*y - 24 = q - 4*q, 5*y + 4*q = 1. Let d be ((-18)/(-12))/(y/(-4)). Let k(i) = -4 + 4 + 4*i + 2*i**d + 2. What is k(-2)?
2
Let x(o) = o - 3. Let h be x(5). Suppose -12 = c + h*c. Let r(u) = -u**3 - 5*u**2 - 4*u + 5. Determine r(c).
5
Let u(t) = t**3 - 3*t - 2. Let p be u(-1). Let j = 2 - 0. Suppose p = 2*a - 8 + j. Let n(g) = g**2 - 3*g - 4. Determine n(a).
-4
Suppose 2*s + 3 - 1 = 0. Let t(r) = 5*r - 1. Let p be t(s). Let m(n) = -n**2 - 2*n + 2. Let g(l) = 4*l**2 + 3*l - 9. Let o(h) = -g(h) - 5*m(h). Determine o(p).
-7
Let k(l) = -l**3 + 13*l**2 + 14*l + 3. Let p be k(14). Let a(i) be the first derivative of 4*i - 1/3*i**p + i**2 + 2. What is a(4)?
-4
Let n(q) = -2*q**2 + 10 + 5*q + 12 - 26. Suppose 5*l = -3*k - 6, k + 0*l - 12 = 3*l. Give n(k).
-7
Let k(v) = 3*v**2 - 11*v + 11. Let r(q) = -10*q**2 + 34*q - 34. Let o(m) = 7*k(m) + 2*r(m). Give o(8).
1
Let q = 5 + 1. Let p = 15 - q. Let g = p + -5. Let h(s) = -2*s**2 + 7*s - 4. Give h(g).
-8
Let a(z) = z**3 - 4*z**2 - 3*z - 4. Let k(p) = p**2 - 3*p - 5. Suppose 4 = 2*i + 3*b, 4*b = -7*i + 4*i + 7. Let g be k(i). What is a(g)?
6
Let k(f) = 3*f - 3. Let p(m) = m - 1. Suppose 8 = 5*l - 3*l. Let w be p(l). Determine k(w).
6
Let y be ((-6)/8)/(203/(-28) - -7). Let a(b) = b**2 - 2*b + 3. What is a(y)?
6
Let k(d) = d + 7. Suppose -5*n + 53 = -3*g, 3*n - n + 2*g = 18. Suppose -5*c = 5*r + n, c - 2*r - 4 = -0*r. Calculate k(c).
7
Let h(t) = 7*t - 2. Let v(m) = m - 2. Let i be v(5). Calculate h(i).
19
Suppose 0 = 2*t - 10 + 4. Let q(x) = x**3 + x**2 - 2*x - 3. Give q(t).
27
Let k(t) be the third derivative of t**4/24 + 4*t**3/3 - 2*t**2. Suppose 13 = 4*x - 3*x. Let m = 7 - x. Give k(m).
2
Let u(y) = -7*y - 6. Let h be ((-68)/20 + 4)*10. Let j(m) = 13*m + 11. Let x = 16 - 5. Let r(l) = h*j(l) + x*u(l). Give r(4).
4
Let r(m) = -m**3 - 8*m**2 - 6. Let n be r(-8). Let a(w) = -w - 1. Determine a(n).
5
Suppose 2*g + 8 = -c, -g + 4*g = c - 2. Let t(p) be the third derivative of 1/6*p**4 + 1/3*p**3 + 0 - 1/20*p**5 - 1/120*p**6 + 0*p + 2*p**2. Calculate t(c).
2
Let v be (-32)/(-6) - (-3)/(-9). Let m(h) = -h**2 - 6*h**2 - 3*h - v*h**2 + 7*h**2 - h**3. Determine m(-3).
-9
Let q be 0 - (-3 + (-1 - -4) - 4). Let l(a) be the third derivative of -a**6/120 + a**5/12 - 5*a**4/24 - a**3/3 + a**2. Give l(q).
-6
Let w(q) be the second derivative of -q**3/6 - 7*q**2/2 - 8*q. Calculate w(-6).
-1
Let g(f) = f**2 - 4*f + 1. Let l = 10 - 2. Suppose 4*h - 4 = 2*h. Suppose -3*m + l = h*s - 8, -3*s = -6. Calculate g(m).
1
Let v(u) = 2*u**2 + 7*u - 5. Let q be (-44)/11 - (4 - (3 + -1)). Determine v(q).
25
Let z be 4 + (-2 - (1 + -2)). Let v(u) = 4*u**2 - u**2 + 4*u - 6 - u**z - 7*u**2. Suppose -2*a - 3*a - 3*t = 22, -3*t - 12 = 3*a. Calculate v(a).
-1
Let s(r) = -r**3 + 3*r**2 + 2. Let c(l) = 2*l - 1. Let o(h) = -h**3 - 2*h**2 + h - 4. Let d be o(-3). Let x be c(d). Give s(x).
2
Suppose 0 = -5*f + 4*o + 14, -4*f + o = -2*o - 12. Suppose 5*l = l - r - 3, -4*l + 2*r + f = 0. Let i(s) = 2 + s + l*s + 0*s. Give i(2).
4
Let f(j) be the third derivative of j**5/60 + j**4/4 - j**3/6 - 2*j**2. Let k(g) = 2*g**2 + 3*g - 4. Let a be k(-3). Suppose 0*p = -p - a. Calculate f(p).
-6
Let m(u) = 0*u**2 + 2*u - u**2 - u**3 - 3*u**2 + 6. Let p be m(-4). Let o(d) = -d**2 - d. Give o(p).
-2
Let c(q) be the third derivative of -4/3*q**3 - 1/4*q**4 + 0 + 4*q**2 + 0*q + 1/60*q**5. Calculate c(6).
-8
Let h be 0/(-1*(2 - 0)). Let i(l) = l + 13. Let x be i(-9). Let n = x + h. Let s(m) = -m**2 + 5*m + 2. Calculate s(n).
6
Let x(a) be the third derivative of -a**8/10080 - a**7/1260 - a**6/240 - a**5/60 + a**2. Let s(j) be the third derivative of x(j). Give s(-2).
-3
Let p = 137 - 140. Let r(o) = -9*o + 1. What is r(p)?
28
Let z be -3 + 5 - (-1 - 1). Suppose -3*n + z*h = -10, -5*n + 1 = -4*h - 13. Let l(r) = 4*r**2 + 4 - 5 - 3*r**n + 4*r. Determine l(-2).
-5
Suppose -k = d - 3*k - 5, d - 3*k - 7 = 0. Let z(f) = 6*f - 1. Determine z(d).
5
Let x(g) = -5*g + 6. Let r(q) = -6*q**3 + 2*q - 1. Let n be r(1). Let o(p) = 4*p 